ors of p(2)?
2
Suppose -s = -3*s. Suppose -4*j - 5 + 13 = s. Suppose j*v + 5 = 21. What are the prime factors of v?
2
What are the prime factors of ((-28)/(-5))/((-16)/(-40))?
2, 7
Let f(u) = -u**2 - 4*u + 4. Let a be f(-4). Suppose -a = -m - 2. Suppose 0 = m*w - 3*w + 5. What are the prime factors of w?
5
Let s(l) = l**3 - l**2 + 10*l + 1. Let i(f) = f**3 + f**2 + 1 - 3*f**2 + 1 + 11*f. Let n(r) = 6*i(r) - 7*s(r). List the prime factors of n(-4).
5
Let x(q) = -q**3 + 2*q**2 + 2*q. Let c be x(2). Suppose 0*u - c*u = -60. What are the prime factors of u?
3, 5
Let b = 18 - 14. Suppose -2 + 14 = 5*j + 2*g, b*j - 10 = -2*g. List the prime factors of j.
2
Let u(c) = 5*c**2 + 2. Let f be u(2). Suppose -5*j + 38 = -f. List the prime factors of j.
2, 3
Let g = 257 + -117. Suppose -y - 5*c + g = 4*y, -176 = -5*y + 4*c. List the prime factors of y.
2
Let r(w) = w**2 + 3*w - 1. Let z = -1 - 3. Let c be r(z). Suppose -3*i + 20 - 4 = 5*v, 4*v - 2 = c*i. What are the prime factors of i?
2
Let r(o) = 3*o - 6. Let c be 0 - -3 - 2 - -2. Suppose c = l - 2. What are the prime factors of r(l)?
3
Suppose -9*w + 7*w + 116 = 0. What are the prime factors of w?
2, 29
Let v = -12 + 31. What are the prime factors of v?
19
Let s(a) = -34*a. Suppose 0 = -3*b - 6 + 3. What are the prime factors of s(b)?
2, 17
Suppose 3*g + 0*p - 2*p - 853 = 0, 1415 = 5*g - 2*p. List the prime factors of g.
281
Suppose -4*y + 4 = -20. Let n(d) = 1 - 2 + 3*d - 7. What are the prime factors of n(y)?
2, 5
What are the prime factors of 21/42 + (-55)/(-2)?
2, 7
Let r(z) = -z**3 - 5*z**2 - 3*z. Suppose 52 = 5*f - 4*t, 2*t - 4*t + 26 = 4*f. Suppose -3*a - 23 + f = 0. What are the prime factors of r(a)?
3, 5
Let d(g) = -3 - g + g**2 + 9*g - 4*g. What are the prime factors of d(4)?
29
Let u(d) = d**3 + 9*d**2 - 4*d - 20. What are the prime factors of u(-9)?
2
Let s(o) = 11*o + 7. Let a be s(5). Suppose w + 89 = 3*n, -2*n + a = -3*w - 2. List the prime factors of n.
29
Let n(a) = 4*a + 1. Let o be 7 + -2 + (-2 - -1). Suppose -o*u + 3*d = -4, 6*d = -2*u + 3*d + 2. List the prime factors of n(u).
5
Let u = 27 - -30. Suppose 4*j = -x + u, -6*x - 1 = -2*j - x. Let f = -5 + j. What are the prime factors of f?
2
Let j(d) = -2*d - 3. Let u be j(-6). Let f = -15 + u. Let c(w) = -w**2 - 7*w + 1. List the prime factors of c(f).
7
List the prime factors of 7 - (2 - 3 - (0 - 4)).
2
Let a = -5 - 2. Let n = a + 5. Let l(c) = -3*c**3 - 3*c**2 - 2*c - 1. List the prime factors of l(n).
3, 5
Suppose -4*d + 81 = 89. Let l(a) be the third derivative of -5*a**4/24 + a**3/6 + a**2. List the prime factors of l(d).
11
Let l(b) be the first derivative of b**2 - 9*b + 1. Let z be l(6). Suppose 0 = v + z*v - 32. List the prime factors of v.
2
List the prime factors of ((-24)/(-14))/(12/126).
2, 3
Let a(b) = -7*b - 17. What are the prime factors of a(-10)?
53
Let n(b) = b**2 + b + 8. Let l be 1/(-3*(-2)/36). List the prime factors of n(l).
2, 5
Suppose 2*c - 12 = 2*k, -3*c + 0*c = 0. Let d = 2 - k. What are the prime factors of d?
2
Let i(u) = 5*u + 3. Let h be -3 + 5 - 9/(-3). List the prime factors of i(h).
2, 7
Suppose 2*a = -0*r - r + 37, r - 91 = -5*a. Let v = -6 + a. List the prime factors of v.
2, 3
Suppose -2*t = 3*q - 125, 5*t = q + 2*q - 160. List the prime factors of q.
3, 5
Suppose -h + 1 + 2 = 0. Suppose -5*z + 10 = 2*l - 4*l, 2*z - 13 = -l. Suppose -4 - 7 = -4*v - h*b, -z*v = -5*b - 35. List the prime factors of v.
5
Suppose 0*u - 3*u + i + 391 = 0, -2*u + 266 = -2*i. What are the prime factors of u?
3, 43
Suppose r = 3*r. Suppose r = 3*v + v - 8. Suppose -v*y + 7 = -1. What are the prime factors of y?
2
Let r = 11 - -26. List the prime factors of r.
37
Suppose 0 = 4*x - 12. Suppose -t - 17 = -3*t + 3*k, -x*t + 18 = -2*k. Suppose -3*p = -f - 28, -6*f = t*p - f - 69. What are the prime factors of p?
11
Suppose 3*j + 21 = -5*r, 3*j - 2*r + 26 - 5 = 0. List the prime factors of (-2)/(2/j)*3.
3, 7
Let s(k) = -k**3 + 8*k**2 + 7*k - 1. List the prime factors of s(7).
97
List the prime factors of (10/(-7))/((-3)/21).
2, 5
Let z be (-2)/(-1 + -1) + -3. Let y = z - -16. List the prime factors of y.
2, 7
Let f = -114 + 60. Let i = 92 + f. List the prime factors of i.
2, 19
Let q = 17 - 11. Let m be (q - 0)/(1/3). Suppose 3*t + 0*t = 3*w + m, 4*t = -w + 19. List the prime factors of t.
5
Let h(c) = -c**2 - 6*c + 2. Let m = -5 - -2. What are the prime factors of h(m)?
11
Let s be 12/(1 - (1 - 1)). Suppose -3*q - s = 0, 5 + 2 = f - q. What are the prime factors of f?
3
Let s = -1 + 5. Suppose -34 - 6 = -s*z. What are the prime factors of z?
2, 5
Let n be (1 - -4*1) + -3. Suppose n*x = x + 5*w - 8, 2*x = w + 20. List the prime factors of x.
2, 3
Let d be 1*1/(-1)*-9. Let n = -5 + d. Suppose n*q = -2*y, -7*y = -2*y + 20. What are the prime factors of q?
2
Suppose 0 = k + 5*g + 3 - 24, 0 = k - 3*g + 3. What are the prime factors of k + (0 - -1) + -2?
5
Suppose 0 = 5*x - 225 - 190. What are the prime factors of x?
83
Suppose 3*q - 2*q - 2*r - 10 = 0, 0 = -4*q + 2*r + 40. What are the prime factors of q?
2, 5
Suppose a - 2*u = 4, 6*a - 5*u - 31 = 2*a. Let b = 7 + a. List the prime factors of b.
3, 7
Let d = -46 - 0. Let w = d + 85. List the prime factors of w.
3, 13
Let u = 9 - 7. Suppose -u*v - v = -12. List the prime factors of v.
2
Let d be (0/3)/(2/(-1)). Suppose -5*y + 7*y + 2*z - 64 = 0, 5*y + 3*z - 160 = d. List the prime factors of y.
2
Suppose i - 6 = -0*i. Suppose 4*k - i*k + 32 = 0. What are the prime factors of k?
2
Let o = -37 + -1. Let a = -27 - o. What are the prime factors of a?
11
Let d(j) = -j - 1. Let q be d(1). Let c(o) = 2*o - 1. Let b(z) = z**2 - 5*z + 3. Let g(a) = 2*b(a) + 5*c(a). What are the prime factors of g(q)?
3
Let g(t) = t**2 + 2*t + 2. Let o be g(-3). Let z = o + 1. Let u(h) = h**2 - 4*h + 2. What are the prime factors of u(z)?
2, 7
Let y be (1 + -2 + -2)/(-1). Let j be 0 - (y - (-1 + 4)). Suppose j = 2*h + 5*o - 38, -7*o + 10 = -2*o. What are the prime factors of h?
2, 7
Let i(v) = v**2 + 4*v + 19. What are the prime factors of i(-8)?
3, 17
Let d = -73 - -85. What are the prime factors of d?
2, 3
Let w(b) = b**3 + 5*b**2 + 5*b + 4. Let t be (2*(-3)/3)/(-2). Let j be (9/(-3))/(2 - t). What are the prime factors of w(j)?
7
Suppose -4*j + 239 + 141 = 0. Suppose 5*w - j = 5*a, -3*w + 80 = -4*a + 28. What are the prime factors of w?
2, 3
Suppose -449 = -3*p - 2*p + 3*z, 3*p - 271 = z. List the prime factors of p.
7, 13
Suppose r - 10 - 3 = -4*t, 3*r = -3*t + 21. Suppose -r*u = -2*m - 5, 20 + 5 = 5*m. Suppose u*x + 2*x = 55. What are the prime factors of x?
11
Let y(l) = -13*l. List the prime factors of y(-1).
13
Suppose 2*f = -2*x + 20 - 0, -x + 34 = 5*f. What are the prime factors of f?
2, 3
Suppose 0 = q - 5*q + 2*c + 418, -q + 99 = 5*c. Suppose 6*z = 4*z + q. List the prime factors of z.
2, 13
Let k be 775/45 + (-4)/18. Let x = 16 - 26. Let h = x + k. What are the prime factors of h?
7
Suppose 0 = 5*y - y. Suppose 0 = -2*o + 10 - y. What are the prime factors of o?
5
Let l(a) = a - 4. Let b be l(4). Let t = b - -3. Suppose 3 = 4*n - t*n. What are the prime factors of n?
3
Suppose 2*o = 3*t - 21 + 75, -5*o + 15 = 0. What are the prime factors of t/4*(-5)/4?
5
Let s = -11 - -1. List the prime factors of (-6)/(-15) - 116/s.
2, 3
Let i = 2 + 0. Let k = i + 24. List the prime factors of k.
2, 13
Let h(p) = p**3 + 5*p**2 + 2*p + 8. Let i be h(-6). Let y = -54 + 25. Let d = y - i. List the prime factors of d.
11
Suppose -3*i = 22 - 4. Let v = i - -5. Let s = v + 5. List the prime factors of s.
2
Let l be 2 + 3*1/3. List the prime factors of 3/((l/(-22))/(-1)).
2, 11
Let a = -1 + -7. List the prime factors of (-2)/a - (-273)/28.
2, 5
Let c = 82 + -46. List the prime factors of c.
2, 3
Suppose 0*j + 3*j - 450 = -5*q, -4*q - 632 = -4*j. What are the prime factors of j?
5, 31
Suppose -2*h = 4*c - 5*c + 185, h + 550 = 3*c. What are the prime factors of c?
3, 61
What are the prime factors of 327/(-6)*(-16 - -14)?
109
Let w(y) = -y**3 + y**2 + 2*y. Let z be w(2). Suppose 2*d = 2*t - 22, 0*t + 5*t + 5*d - 45 = z. List the prime factors of t.
2, 5
Let t(i) = -i**2 + 14*i - 9. What are the prime factors of t(12)?
3, 5
Let t = -42 + 58. List the prime factors of t.
2
Suppose -5*p + 11 = 1. Suppose -8 = 4*g, 1 -